4
Suppose -2*v - 4*s + 986 = 0, 9 = 11*s + 75. What is the greatest common divisor of 1111 and v?
101
Let f(n) = n**3 - 16*n**2 + 16*n + 49. Suppose v = -1, -13*u + 78 = -8*u - 3*v. Let s be f(u). What is the greatest common factor of s and 160?
32
Suppose -112 = 8*k - 15*k. Suppose -3*o + 5*v = -64, -2*o + k = -v + 3*v. Calculate the highest common divisor of 13 and o.
13
Let r be 4/14 + (-1170)/(-21). Let d(x) = 1 - 21 + 32*x**2 - 31*x**2 + 3*x - 15*x. Let i be d(14). Calculate the greatest common divisor of r and i.
8
Let r = -1792 + 1232. Let u = r - -574. Let d = 3 + -1. What is the greatest common factor of d and u?
2
Let i(c) be the second derivative of 5*c**4/6 + c**3/6 - 7*c**2 - 7*c. Let b = 162 + -158. Let a be i(b). What is the highest common divisor of a and 60?
30
Let c be (-170)/(-1 - -1 - 3/6). Let u be (6/(-4))/(337/c + -1). Suppose 15*i - u = 85. Calculate the greatest common factor of i and 187.
17
Suppose 0 = -5*g - z + 155, -2*z - 20 = -33*g + 32*g. Let s(d) = -4*d - 2. Let v be s(-2). Calculate the greatest common divisor of g and v.
6
Let f be 21 + -19 - (4 + -2)/(-2). Let c = 30 + f. Let g = c + -32. Calculate the highest common divisor of 11 and g.
1
Let k(l) = 2*l + 16. Let z be k(-7). Let q be 0 + -3 - z - -17. Let u(w) = -2*w - 17. Let c be u(-10). What is the highest common factor of c and q?
3
Let c(k) = 14*k - 1. Let z be c(2). Let u = -203 - -239. What is the greatest common factor of u and z?
9
Suppose 4*v + 26 + 74 = 4*m, -3*m + 51 = 3*v. Let l(d) = 7*d - 308. Let t be l(45). Calculate the greatest common divisor of t and m.
7
Let s be 90769*10/350 + (-70)/50. What is the greatest common divisor of 1377 and s?
81
Let h be (-31)/(-11) + (-10)/(-55) - -74. Let k be 102/21 - 1/(-7). Suppose -4*j = -k*t - 28, t = -j + 4 + 3. What is the highest common divisor of h and j?
7
Suppose 1995 = 6*r - 21*r. Let x = -91 - r. What is the greatest common divisor of x and 21?
21
Let f = 119595 - 71095. Calculate the highest common divisor of 10 and f.
10
Suppose 7*n = -19*u + 21*u - 217, 0 = 5*u + 4*n - 349. What is the greatest common factor of 154 and u?
77
Let a(u) = -u**3 - 8*u**2 + 9*u + 15. Let h be a(-10). Let p = 141 - h. Calculate the greatest common factor of 4 and p.
4
Suppose 4*o = 5*v + 302, -9*v + 12*v - 240 = -3*o. Let u = -71 + o. Suppose 0*c - 35 = -5*c. Calculate the greatest common factor of u and c.
7
Let h = 505 + -455. Let c be (-6)/2 + 10 + -3. Suppose -8*q = -c*q - 120. What is the greatest common divisor of h and q?
10
Let v = 29538 + -10420. Calculate the highest common divisor of 158 and v.
158
Suppose -14*f + 17*f - 15 = -2*j, f + 6 = 3*j. Suppose -k - f*k = -1200. Calculate the greatest common factor of k and 500.
100
Suppose -10*h - 1164 = 706. Let t = h + 217. Calculate the highest common factor of t and 20.
10
Let a(s) = 2*s**3 - 6*s**2 + 76*s - 528. Let v be a(6). Calculate the highest common divisor of v and 6096.
48
Suppose 0 = 2*f - 4*a - 6, -3*f - 1 = a - 3. Let g(u) = 11*u + 65. Let d be g(-5). Let r be ((-4)/d)/(10/(-400)). What is the highest common divisor of r and f?
1
Let z = -9047 - -11215. Calculate the greatest common factor of 24 and z.
8
Let c = -1275 + 2311. Suppose -202*x - c = -206*x. Calculate the highest common divisor of 37 and x.
37
Let p(l) = -l**3 - 5*l**2 + 7*l + 15. Suppose 7*y = 56 + 42. Suppose 14 = -y*j + 12*j. Let r be p(j). What is the highest common factor of r and 8?
8
Let a be 45/5 + (-2 - 2). Suppose -2*x = d - 45, d - 89 = x - a*x. Let h = 84 + -29. Calculate the greatest common divisor of x and h.
11
Let o = 74 + 74. Let m = o + -82. Let g = 69 - m. What is the highest common factor of 24 and g?
3
Let x = -10697 - -13193. What is the greatest common divisor of x and 60?
12
Let x(w) = 2*w**2 + 5*w - 10*w + 8 + 3*w. Suppose 0 = -9*b + 307 - 235. Let k be x(b). What is the greatest common factor of 30 and k?
30
Let o = 19 + -14. Let b be -28 + 31 + 3*31 + 1. Let g = 137 - b. What is the greatest common factor of o and g?
5
Let h be 4/4 + 4 - -723. Suppose 32*d - 18*d - h = 0. Calculate the highest common factor of d and 91.
13
Suppose -17942 - 80145 = -65*o - 6177. Calculate the highest common factor of o and 56.
14
Suppose 0 = 5*z + 165 - 200, 3595 = j - 5*z. Calculate the highest common factor of 825 and j.
165
Suppose 30 + 14 = 11*w. Suppose 51 = w*h + 3*s, -h - s + 37 = 2*h. Let j = 13 + -7. Calculate the highest common divisor of h and j.
6
Let b(s) = -150*s - 16 + 163*s - 103. Let o be b(15). Calculate the highest common factor of o and 57.
19
Let v = -67 + 71. Suppose 64 = v*y + 2*b, b - 74 = 4*y - 9*y. What is the greatest common factor of 14 and y?
14
Suppose -89*a - 94 - 89 = -92*a. Let i be (-1)/1*89*-1. Let t = i - a. What is the greatest common divisor of 196 and t?
28
Suppose 0 = 2256*g - 2278*g + 231814. What is the greatest common divisor of 82 and g?
41
Let p = 1761 - 1565. Let h(i) = -i**3 + 11*i**2 + 4*i + 7. Let o be h(10). What is the highest common divisor of o and p?
49
Let v be (-60352)/(-18) + (-28)/(-252). Calculate the highest common factor of 14 and v.
7
Suppose 143*p - 124*p + 646 = 0. Let g = -14 - p. What is the greatest common divisor of 980 and g?
20
Suppose -4*x + 6*x = 3*x. Suppose x = -8*k + 9*k - 40. What is the highest common divisor of k and 30?
10
Let b(g) = 15*g - 33. Let d be b(5). Let y be -14 + (333 - (-3 + 0)). What is the highest common factor of y and d?
14
Let r be 1/3 + (-100)/3. Let h = r - -10. Let t = 57 - h. What is the highest common divisor of 16 and t?
16
Let s = -61 - -231. Let r = 40 - 74. Let o be (r/4)/((-11)/88). What is the highest common factor of s and o?
34
Let d = 10 - 6. Suppose 0 = -d*l + 393 + 527. Suppose -21*u + 1472 = -26*u + 21*u. Calculate the highest common divisor of u and l.
46
Let z be (-7 + 85)/13 - -9. Let g = 35 + 57. Let o = -62 + g. What is the highest common divisor of z and o?
15
Suppose -79 = -4*r + 229. Let d(c) = 5*c**2 + 2*c - 5. Let i be d(3). Let s = i - 24. What is the highest common factor of s and r?
11
Let z = -98 + 145. Suppose 321 = w + z. Suppose -c = -5*i - w, 6 = -i - 2*i. What is the highest common divisor of 24 and c?
24
Let v = 194 - 194. Let a(w) = 53*w + 130. Let k be a(v). Calculate the highest common factor of 52 and k.
26
Let z = 0 - 0. Suppose 2*s - 436 = -4*t, t + 16*s = 12*s + 123. Suppose z = 5*u - 48 - t. Calculate the greatest common divisor of 31 and u.
31
Suppose 0 = -3*j - 2*m + 56 + 18, -3*j + 4*m = -50. Let o be (-2)/(-6) - 40/(-15). Let t = 14 - o. Calculate the greatest common divisor of j and t.
11
Let p(x) = 2*x**3 - 17*x**2 + 16*x - 625. Let m be p(15). Calculate the highest common divisor of 60 and m.
20
Suppose -9*b + 5*t + 1277 = 0, 3*b + 2*t - 79 = 321. Calculate the highest common divisor of b and 368.
46
Suppose 1027*d = 1025*d + 784. Calculate the highest common divisor of 16 and d.
8
Let b(m) = 40*m - 206. Let l be ((-24)/20)/((-18)/(-10) - 2). Let g be b(l). What is the highest common factor of g and 10?
2
Suppose 9*r - 14*r = -2*z + 455, 0 = z - 5*r - 215. Suppose -4*a + 4*d = -z, 17*a = 12*a - d + 300. Calculate the greatest common divisor of a and 100.
20
Suppose -150*v + 394448 = 127*v. What is the greatest common factor of 445 and v?
89
Let c be -6*2/(-3)*46/8. Suppose -729 = -c*b + 283. What is the greatest common divisor of b and 22?
22
Let p(m) be the first derivative of 5*m**3 + 5*m**2/2 - 36*m + 214. Let s be p(5). What is the highest common factor of 28 and s?
28
Suppose -5*a - 15*a + 1771 = 3*a. Calculate the greatest common factor of 792 and a.
11
Suppose 0 = -64*q - 30*q + 10*q + 30744. Calculate the greatest common factor of 30 and q.
6
Let x(g) = 185*g - 143. Let k be x(1). What is the highest common factor of k and 186?
6
Suppose -3*a = -3*u - 234, 0 = -a + 4*a - 4*u - 232. Suppose 130 = 3*s - 2*p, p + 4 = -1. What is the highest common factor of a and s?
40
Let y be (-1 + 4)*58/(-3). Suppose 8*h = -24, -7*b - 2*h - 222 = -3*b. Let o = b - y. Calculate the highest common factor of 36 and o.
4
Let l(h) = 2*h**2 - 7*h - 1. Let x be l(6). Let b = x - 24. Let o be (58/(-8))/(b - 63/12). What is the highest common divisor of o and 261?
29
Suppose -14 - 27 = -o. Let g = o + -38. Suppose 2*k - 2*s - 34 = s, 2*k + g